{"id":6,"date":"2022-07-28T08:43:23","date_gmt":"2022-07-28T08:43:23","guid":{"rendered":"https:\/\/demo.creativethemes.com\/blocksy\/beverr\/?page_id=6"},"modified":"2023-12-06T19:35:52","modified_gmt":"2023-12-06T22:35:52","slug":"about","status":"publish","type":"page","link":"https:\/\/alzaideas.cl\/?page_id=6","title":{"rendered":"About"},"content":{"rendered":"\n<div class=\"wp-block-stackable-text stk-block-text stk-block stk-1e96c11\" data-block-id=\"1e96c11\"><style>.stk-1e96c11{margin-bottom:131px !important}<\/style><p class=\"stk-block-text__text\"><\/p><\/div>\n\n\n\n<div class=\"wp-block-stackable-heading stk-block-heading stk-block-heading--v2 stk-block stk-89ba7a3\" id=\"claudia-de-la-paz\" data-block-id=\"89ba7a3\"><style>.stk-89ba7a3{margin-bottom:0px !important}.stk-89ba7a3 .stk-block-heading__text{font-size:45px !important}@media screen and (max-width:1023px){.stk-89ba7a3 .stk-block-heading__text{font-size:35px !important}}@media screen and (max-width:767px){.stk-89ba7a3 .stk-block-heading__text{line-height:1em !important}}<\/style><h2 class=\"stk-block-heading__text has-text-align-center has-text-align-center-mobile\">Claudia de la Paz<\/h2><\/div>\n\n\n\n<div class=\"wp-block-stackable-text stk-block-text stk-block stk-e0a48cf\" data-block-id=\"e0a48cf\"><style>.stk-e0a48cf{margin-bottom:38px !important;opacity:0.7 !important}.stk-e0a48cf .stk-block-text__text{font-size:22px !important;color:#b5b7b7 !important;font-weight:500 !important}@media screen and (max-width:1023px){.stk-e0a48cf .stk-block-text__text{font-size:22px !important}}<\/style><p class=\"stk-block-text__text has-text-color has-text-align-center has-text-align-center-mobile\">Directora<\/p><\/div>\n\n\n\n<div class=\"wp-block-stackable-text stk-block-text stk-block stk-b7e6d74\" data-block-id=\"b7e6d74\"><style>.stk-b7e6d74{max-width:1500px !important;padding-top:0px !important;padding-right:200px !important;padding-left:200px !important;margin-right:auto !important;margin-left:auto !important}@media screen and (max-width:767px){.stk-b7e6d74{padding-top:0px !important;padding-right:0px !important;padding-bottom:0px !important;padding-left:0px !important}}<\/style><p class=\"stk-block-text__text has-text-align-center has-text-align-center-mobile\">Buscamos compartir conocimientos y experiencias que promuevan la conexi\u00f3n personal, la educaci\u00f3n cultural, la participaci\u00f3n ciudadana y el cuidado del medioambiente por medio de pr\u00e1cticas sustentables y art\u00edsticas.<\/p><\/div>\n\n\n\n<div class=\"wp-block-stackable-text stk-block-text stk-block stk-01e8950\" data-block-id=\"01e8950\"><style>.stk-01e8950{padding-right:200px !important;padding-left:200px !important;margin-bottom:0px !important}@media screen and (max-width:767px){.stk-01e8950{padding-top:0px !important;padding-right:0px !important;padding-bottom:0px !important;padding-left:0px !important}}<\/style><p class=\"stk-block-text__text has-text-align-center has-text-align-center-mobile\">\u201cEntender la importancia del arte en los procesos de aprendizaje ha sido fundamental para este proyecto, ya que no solo buscamos que la comunidad adquiera una habilidad o conocimiento, m\u00e1s bien, nuestro fin es que se lleven toda una experiencia cargada de reflexi\u00f3n, exploraci\u00f3n y creatividad\u201d<\/p><\/div>\n\n\n\n<div class=\"wp-block-stackable-spacer stk-block-spacer stk--no-padding stk-block stk-e7359ce\" data-block-id=\"e7359ce\"><style>.stk-e7359ce{height:150px !important}@media screen and (max-width:1023px){.stk-e7359ce{height:100px !important}}<\/style><\/div>\n\n\n\n<div class=\"wp-block-stackable-columns alignfull stk-block-columns stk-block stk-95b4ea8 stk-block-background\" data-block-id=\"95b4ea8\"><style>.stk-95b4ea8{background-color:var(--theme-palette-color-6,#F2F7F6) !important;padding-top:150px !important;padding-bottom:150px !important;margin-bottom:138px !important}.stk-95b4ea8:before{background-color:var(--theme-palette-color-6,#F2F7F6) !important}@media screen and (max-width:1023px){.stk-95b4ea8{padding-top:100px !important;padding-bottom:100px !important}}<\/style><div class=\"stk-row stk-inner-blocks stk-block-content stk-content-align stk-95b4ea8-column\">\n<div class=\"wp-block-stackable-column stk-block-column stk-column stk-block stk-d992e3a\" data-v=\"4\" data-block-id=\"d992e3a\"><style>.stk-d992e3a-container{margin-top:0px !important;margin-right:0px !important;margin-bottom:0px !important;margin-left:0px !important}<\/style><div class=\"stk-column-wrapper stk-block-column__content stk-container stk-d992e3a-container stk--no-background stk--no-padding\"><div class=\"stk-block-content stk-inner-blocks stk-d992e3a-inner-blocks\">\n<div class=\"wp-block-stackable-heading stk-block-heading stk-block-heading--v2 stk-block stk-f378172\" id=\"web-design\" data-block-id=\"f378172\"><style>.stk-f378172{margin-bottom:0px !important}.stk-f378172 .stk-block-heading__text{font-size:45px !important}@media screen and (max-width:1023px){.stk-f378172 .stk-block-heading__text{font-size:35px !important}}@media screen and (max-width:767px){.stk-f378172{margin-bottom:0px !important}}<\/style><h2 class=\"stk-block-heading__text has-text-align-center\">Nuestro trabajo<\/h2><\/div>\n\n\n\n<div class=\"wp-block-stackable-text stk-block-text stk-block stk-699dd19\" id=\"web-design\" data-block-id=\"699dd19\"><style>.stk-699dd19{max-width:850px !important;margin-right:auto !important;margin-bottom:70px !important;margin-left:auto !important}@media screen and (max-width:1023px){.stk-699dd19{margin-bottom:40px !important}}<\/style><p class=\"stk-block-text__text has-text-align-center\">Trabajamos con personas naturales, organizaciones sociales, agrupaciones, empresas p\u00fablicas y privadas.<\/p><\/div>\n<\/div><\/div><\/div>\n<\/div><\/div>\n\n\n\n<div class=\"wp-block-stackable-heading stk-block-heading stk-block-heading--v2 stk-block stk-8195a77\" id=\"cultura-organizacional\" data-block-id=\"8195a77\"><style>.stk-8195a77 .stk-block-heading__text{font-size:45px !important}@media screen and (max-width:1023px){.stk-8195a77 .stk-block-heading__text{font-size:45px !important}}@media screen and (max-width:767px){.stk-8195a77 .stk-block-heading__text{font-size:35px !important;line-height:1em !important}}<\/style><h2 class=\"stk-block-heading__text has-text-align-center\">Cultura Organizacional<\/h2><\/div>\n\n\n\n<div class=\"wp-block-stackable-spacer stk-block-spacer stk--no-padding stk-block stk-744a5e5\" data-block-id=\"744a5e5\"><style>.stk-744a5e5{height:50px !important}<\/style><\/div>\n\n\n\n<div class=\"wp-block-stackable-columns stk-block-columns stk-block stk-76236ca\" data-block-id=\"76236ca\"><style>.stk-76236ca{margin-bottom:14px !important}<\/style><div class=\"stk-row stk-inner-blocks stk-block-content stk-content-align stk-76236ca-column\">\n<div class=\"wp-block-stackable-column stk-block-column stk-column stk-block stk-faa5051\" data-v=\"4\" data-block-id=\"faa5051\"><style>.stk-faa5051-inner-blocks{align-items:center !important}.stk-faa5051{margin-top:0px !important;margin-right:0px !important;margin-bottom:0px !important;margin-left:0px !important}.stk-faa5051-container{max-width:1500px !important;padding-top:0px !important;padding-right:0px !important;padding-bottom:0px !important;padding-left:0px !important;margin-right:auto !important;margin-left:auto !important}@media screen and (min-width:768px){.stk-faa5051{flex:1 1 calc(55.7% - var(--stk-column-gap,0px) * 1 \/ 2 ) !important}}@media screen and (max-width:767px){.stk-faa5051-container{margin-top:12px !important;margin-right:12px !important;margin-bottom:12px !important;margin-left:12px !important}}<\/style><div class=\"stk-column-wrapper stk-block-column__content stk-container stk-faa5051-container stk--no-background stk--no-padding\"><div class=\"stk--column-flex stk-block-content stk-inner-blocks stk-faa5051-inner-blocks\">\n<figure class=\"wp-block-image size-full is-resized\"><img decoding=\"async\" src=\"https:\/\/alzaideas.cl\/wp-content\/uploads\/2023\/11\/39.-Personal-Growth.svg\" alt=\"\" class=\"wp-image-805\" style=\"width:556px;height:auto\"\/><\/figure>\n<\/div><\/div><\/div>\n\n\n\n<div class=\"wp-block-stackable-column stk-block-column stk-column stk-block stk-2b49504\" data-v=\"4\" data-block-id=\"2b49504\"><style>.stk-2b49504{align-self:center !important;margin-right:50px !important;margin-left:50px !important}@media screen and (min-width:768px){.stk-2b49504{flex:1 1 calc(44.3% - var(--stk-column-gap,0px) * 1 \/ 2 ) !important}}@media screen and (max-width:1023px){.stk-2b49504{margin-right:0px !important;margin-left:0px !important}}@media screen and (max-width:767px){.stk-2b49504{min-height:0px !important}}<\/style><div class=\"stk-column-wrapper stk-block-column__content stk-container stk-2b49504-container stk--no-background stk--no-padding\"><div class=\"has-text-align-center stk-block-content stk-inner-blocks stk-2b49504-inner-blocks\">\n<div class=\"wp-block-stackable-heading stk-block-heading stk-block-heading--v2 stk-block stk-f9efcc8\" id=\"strong-creatividad-strong\" data-block-id=\"f9efcc8\"><style>.stk-f9efcc8{margin-bottom:0px !important}@media screen and (max-width:767px){.stk-f9efcc8{margin-bottom:0px !important}}<\/style><h2 class=\"stk-block-heading__text\"><strong>Creatividad<\/strong><\/h2><\/div>\n\n\n\n<p>Todos nuestros proyectos tienen el sello de la realizaci\u00f3n de din\u00e1micas y actividades novedosas.<\/p>\n<\/div><\/div><\/div>\n<\/div><\/div>\n\n\n\n<div class=\"wp-block-stackable-columns alignwide stk-block-columns stk-block stk-56e06f2\" data-block-id=\"56e06f2\"><style>.stk-56e06f2{padding-top:0px !important;padding-bottom:0px !important;margin-bottom:0px !important}<\/style><div class=\"stk-row stk-inner-blocks stk-block-content stk-content-align stk-56e06f2-column alignwide\">\n<div class=\"wp-block-stackable-column stk-block-column stk-column stk-block stk-8726d58\" data-v=\"4\" data-block-id=\"8726d58\"><div class=\"stk-column-wrapper stk-block-column__content stk-container stk-8726d58-container stk--no-background stk--no-padding\"><div class=\"stk-block-content stk-inner-blocks stk-8726d58-inner-blocks\">\n<div class=\"wp-block-stackable-columns stk-block-columns stk-block stk-c9a35f4\" data-block-id=\"c9a35f4\"><div class=\"stk-row stk-inner-blocks stk-block-content stk-content-align stk-c9a35f4-column\">\n<div class=\"wp-block-stackable-column stk-block-column stk-column stk-block stk-925f74b\" data-v=\"4\" data-block-id=\"925f74b\"><style>.stk-925f74b{margin-right:140px !important;margin-left:140px !important}@media screen and (min-width:768px){.stk-925f74b{flex:1 1 calc(46.5% - var(--stk-column-gap,0px) * 1 \/ 2 ) !important}}@media screen and (max-width:1023px){.stk-925f74b{margin-right:15px !important;margin-left:15px !important}}@media screen and (max-width:767px){.stk-925f74b{flex:0 1 calc(100% - var(--stk-column-gap,0px) * 0 \/ 1 ) !important}.stk-925f74b-container{max-width:1500px !important}}<\/style><div class=\"stk-column-wrapper stk-block-column__content stk-container stk-925f74b-container stk--no-background stk--no-padding\"><div class=\"stk-block-content stk-inner-blocks stk-925f74b-inner-blocks\">\n<div class=\"wp-block-stackable-heading stk-block-heading stk-block-heading--v2 stk-block stk-d6bb6e2\" id=\"strong-pasion-strong\" data-block-id=\"d6bb6e2\"><style>.stk-d6bb6e2{margin-bottom:0px !important}@media screen and (max-width:767px){.stk-d6bb6e2{margin-bottom:0px !important}}<\/style><h2 class=\"stk-block-heading__text has-text-align-center\"><strong>Pasi\u00f3n<\/strong><\/h2><\/div>\n\n\n\n<p class=\"has-text-align-center\">Construimos proyectos con gran diligencia entregando experiencias de alto impacto.<\/p>\n\n\n\n<div class=\"wp-block-stackable-image stk-block-image stk-block stk-1868579\" data-block-id=\"1868579\"><style>.stk-1868579{top:-90px !important}.stk-1868579 .stk-img-wrapper{width:100% !important}@media screen and (max-width:767px){.stk-1868579{margin-top:71px !important;margin-bottom:-74px !important;bottom:0px !important}}<\/style><figure><div class=\"stk-img-wrapper stk-image--shape-stretch\"><img loading=\"lazy\" decoding=\"async\" class=\"stk-img wp-image-812\" src=\"https:\/\/alzaideas.cl\/wp-content\/uploads\/2023\/11\/person-3-02-1.svg\" width=\"100\" height=\"300\"\/><\/div><\/figure><\/div>\n<\/div><\/div><\/div>\n\n\n\n<div class=\"wp-block-stackable-column stk-block-column stk-column stk-block stk-4d73e5b\" data-v=\"4\" data-block-id=\"4d73e5b\"><style>@media screen and (min-width:768px){.stk-4d73e5b{flex:1 1 calc(53.5% - var(--stk-column-gap,0px) * 1 \/ 2 ) !important}}@media screen and (max-width:767px){.stk-4d73e5b-container{margin-top:0px !important;margin-right:0px !important;margin-bottom:0px !important;margin-left:0px !important}.stk-4d73e5b{align-self:flex-start !important;margin-top:-8px !important;margin-right:0px !important;margin-bottom:-101px !important;margin-left:-44px !important;flex:0 1 calc(100% - var(--stk-column-gap,0px) * 0 \/ 1 ) !important;right:10px !important;left:0px !important}.stk-4d73e5b-inner-blocks{align-items:center !important;justify-content:space-around !important;row-gap:0px !important}}<\/style><div class=\"stk-column-wrapper stk-block-column__content stk-container stk-4d73e5b-container stk--no-background stk--no-padding\"><div class=\"stk-block-content stk-inner-blocks stk-4d73e5b-inner-blocks\">\n<div class=\"wp-block-stackable-image aligncenter stk-block-image stk-block stk-c084cf8\" data-block-id=\"c084cf8\"><style>.stk-c084cf8 .stk-img-wrapper{width:95% !important;height:600px !important}@media screen and (max-width:1023px){.stk-c084cf8 .stk-img-wrapper{width:100% !important}}@media screen and (max-width:767px){.stk-c084cf8{right:-100px !important;bottom:52px !important}.stk-c084cf8 .stk-img-wrapper{width:100% !important;height:347px !important}}<\/style><figure><div class=\"stk-img-wrapper stk-image--shape-stretch\"><img loading=\"lazy\" decoding=\"async\" class=\"stk-img wp-image-809\" src=\"https:\/\/alzaideas.cl\/wp-content\/uploads\/2023\/11\/person-2-02.svg\" width=\"95\" height=\"600\"\/><\/div><\/figure><\/div>\n<\/div><\/div><\/div>\n<\/div><\/div>\n<\/div><\/div><\/div>\n<\/div><\/div>\n\n\n\n<div class=\"wp-block-stackable-columns stk-block-columns stk-block stk-3488248\" data-block-id=\"3488248\"><style>.stk-3488248{margin-bottom:163px !important}@media screen and (max-width:767px){.stk-3488248{margin-bottom:182px !important}}<\/style><div class=\"stk-row stk-inner-blocks stk-block-content stk-content-align stk-3488248-column\">\n<div class=\"wp-block-stackable-column stk-block-column stk-column stk-block stk-cbfac75\" data-v=\"4\" data-block-id=\"cbfac75\"><style>.stk-cbfac75{margin-right:140px !important;margin-left:140px !important;top:-100px !important}@media screen and (max-width:1023px){.stk-cbfac75{margin-right:0px !important;margin-left:0px !important}}@media screen and (max-width:767px){.stk-cbfac75{margin-right:0px !important;margin-left:0px !important;top:23px !important}}<\/style><div class=\"stk-column-wrapper stk-block-column__content stk-container stk-cbfac75-container stk--no-background stk--no-padding\"><div class=\"stk-block-content stk-inner-blocks stk-cbfac75-inner-blocks\">\n<div class=\"wp-block-stackable-heading stk-block-heading stk-block-heading--v2 stk-block stk-932276c\" id=\"strong-conciencia-strong\" data-block-id=\"932276c\"><style>.stk-932276c{margin-bottom:1px !important}@media screen and (max-width:767px){.stk-932276c{margin-bottom:0px !important;top:0px !important}}<\/style><h2 class=\"stk-block-heading__text has-text-align-center\"><strong>Conciencia<\/strong><\/h2><\/div>\n\n\n\n<div class=\"wp-block-stackable-text stk-block-text stk-block stk-8dc8c69\" data-block-id=\"8dc8c69\"><p class=\"stk-block-text__text has-text-align-center\">Promovemos el cuidado de nuestro medioambiente y de las comunidades<\/p><\/div>\n<\/div><\/div><\/div>\n<\/div><\/div>\n","protected":false},"excerpt":{"rendered":"<p>Claudia de la Paz Directora Buscamos compartir conocimientos y experiencias que promuevan la conexi\u00f3n personal, la educaci\u00f3n cultural, la participaci\u00f3n ciudadana y el cuidado del medioambiente por medio de pr\u00e1cticas sustentables y art\u00edsticas. \u201cEntender la importancia del arte en los procesos de aprendizaje ha sido fundamental para este proyecto, ya que no solo buscamos que [&hellip;]<\/p>\n","protected":false},"author":1,"featured_media":0,"parent":0,"menu_order":0,"comment_status":"closed","ping_status":"closed","template":"","meta":{"footnotes":""},"class_list":["post-6","page","type-page","status-publish","hentry"],"blocksy_meta":{"styles_descriptor":{"styles":{"desktop":"","tablet":"","mobile":""},"google_fonts":[],"version":6},"page_title_panel":"","has_hero_section":"disabled","8f8bd19aff105d3311aae733daab4adf":"","hero_section":"type-1","hero_elements":[{"id":"custom_title","enabled":true,"heading_tag":"h1","title":"Home"},{"id":"custom_description","enabled":true,"description_visibility":{"desktop":true,"tablet":true,"mobile":false}},{"id":"custom_meta","enabled":false,"meta_elements":[{"id":"author","enabled":true,"label":"By","has_author_avatar":"yes","avatar_size":25},{"id":"post_date","enabled":true,"label":"On","date_format_source":"default","date_format":"M j, Y"},{"id":"updated_date","enabled":false,"label":"On","date_format_source":"default","date_format":"M j, Y"},{"id":"categories","enabled":false,"label":"In","style":"simple"},{"id":"comments","enabled":true}],"page_meta_elements":{"joined":true,"articles_count":true,"comments":true}},{"id":"breadcrumbs","enabled":false}],"961aeed23e84dff1ebb35b42597573c1":"","hero_alignment1":"CT_CSS_SKIP_RULE","hero_margin":40,"hero_alignment2":"center","hero_vertical_alignment":"center","ea1ac2210ea7cef5410707d0372fc014":"","hero_structure":"narrow","389e90b7c0b47b907a36b197d8bc4e9a":"","page_title_bg_type":"featured_image","custom_hero_background":{"attachment_id":null},"page_title_image_size":"full","parallax":{"desktop":false,"tablet":false,"mobile":false},"8e6d64ad6bbdce87d7b0d7d5046c017b":"","hero_height":"250px","pageTitleFont":{"family":"Default","variation":"Default","size":"30px","line-height":"CT_CSS_SKIP_RULE","letter-spacing":"CT_CSS_SKIP_RULE","text-transform":"CT_CSS_SKIP_RULE","text-decoration":"CT_CSS_SKIP_RULE"},"pageTitleFontColor":{"default":{"color":"CT_CSS_SKIP_RULEDEFAULT"}},"pageMetaFont":{"family":"Default","variation":"n6","size":"12px","line-height":"1.3","letter-spacing":"CT_CSS_SKIP_RULE","text-transform":"uppercase","text-decoration":"CT_CSS_SKIP_RULE"},"pageMetaFontColor":{"default":{"color":"CT_CSS_SKIP_RULEDEFAULT"},"hover":{"color":"CT_CSS_SKIP_RULEDEFAULT"}},"page_meta_button_type_font_colors":{"default":{"color":"CT_CSS_SKIP_RULEDEFAULT"},"hover":{"color":"CT_CSS_SKIP_RULEDEFAULT"}},"page_meta_button_type_background_colors":{"default":{"color":"CT_CSS_SKIP_RULEDEFAULT"},"hover":{"color":"CT_CSS_SKIP_RULEDEFAULT"}},"pageExcerptFont":{"family":"Default","variation":"Default","size":"CT_CSS_SKIP_RULE","line-height":"CT_CSS_SKIP_RULE","letter-spacing":"CT_CSS_SKIP_RULE","text-transform":"CT_CSS_SKIP_RULE","text-decoration":"CT_CSS_SKIP_RULE"},"pageExcerptColor":{"default":{"color":"CT_CSS_SKIP_RULEDEFAULT"}},"breadcrumbsFont":{"family":"Default","variation":"Default","size":"CT_CSS_SKIP_RULE","line-height":"CT_CSS_SKIP_RULE","letter-spacing":"CT_CSS_SKIP_RULE","text-transform":"CT_CSS_SKIP_RULE","text-decoration":"CT_CSS_SKIP_RULE"},"breadcrumbsFontColor":{"default":{"color":"CT_CSS_SKIP_RULEDEFAULT"},"initial":{"color":"CT_CSS_SKIP_RULEDEFAULT"},"hover":{"color":"CT_CSS_SKIP_RULEDEFAULT"}},"pageTitleOverlay":{"background_type":"color","background_pattern":"type-1","background_image":{"attachment_id":null,"x":0,"y":0},"gradient":"linear-gradient(135deg,rgba(6,147,227,1) 0%,rgb(155,81,224) 100%)","background_repeat":"repeat","background_size":"auto","background_attachment":"scroll","patternColor":{"default":{"color":"#e5e7ea"}},"overlayColor":{"default":{"color":"CT_CSS_SKIP_RULE"}},"backgroundColor":{"default":{"color":"CT_CSS_SKIP_RULE"}}},"pageTitleBackground":{"background_type":"color","background_pattern":"type-1","background_image":{"attachment_id":null,"x":0,"y":0},"gradient":"linear-gradient(135deg,rgba(6,147,227,1) 0%,rgb(155,81,224) 100%)","background_repeat":"repeat","background_size":"auto","background_attachment":"scroll","patternColor":{"default":{"color":"#e5e7ea"}},"overlayColor":{"default":{"color":"CT_CSS_SKIP_RULE"}},"backgroundColor":{"default":{"color":"var(--theme-palette-color-6)"}}},"pageTitlePadding":{"top":"50px","bottom":"50px","left":"auto","right":"auto","linked":true},"d776914f90ab83d10f22d09affbeb051":"","page_structure_type":"default","e2ea881dc3c0deb43e587cd26de804f7":"","content_style_source":"inherit","content_style":"wide","vertical_spacing_source":"custom","content_area_spacing":"none","background":{"background_type":"color","background_pattern":"type-1","background_image":{"attachment_id":null,"x":0,"y":0},"gradient":"linear-gradient(135deg,rgba(6,147,227,1) 0%,rgb(155,81,224) 100%)","background_repeat":"repeat","background_size":"auto","background_attachment":"scroll","patternColor":{"default":{"color":"#e5e7ea"}},"overlayColor":{"default":{"color":"CT_CSS_SKIP_RULE"}},"backgroundColor":{"default":{"color":"CT_CSS_SKIP_RULE"}}},"content_background":{"background_type":"color","background_pattern":"type-1","background_image":{"attachment_id":null,"x":0,"y":0},"gradient":"linear-gradient(135deg,rgba(6,147,227,1) 0%,rgb(155,81,224) 100%)","background_repeat":"repeat","background_size":"auto","background_attachment":"scroll","patternColor":{"default":{"color":"#e5e7ea"}},"overlayColor":{"default":{"color":"CT_CSS_SKIP_RULE"}},"backgroundColor":{"default":{"color":"var(--theme-palette-color-8)"}}},"content_boxed_shadow":{"inherit":false,"blur":18,"spread":-6,"v_offset":12,"h_offset":0,"inset":false,"enable":true,"color":{"color":"rgba(34, 56, 101, 0.04)"}},"content_boxed_border":{"width":1,"style":"none","color":{"color":"rgba(44,62,80,0.2)"}},"content_boxed_radius":{"top":"3px","bottom":"3px","left":"3px","right":"3px","linked":true},"boxed_content_spacing":{"desktop":{"top":"40px","bottom":"40px","left":"40px","right":"40px","linked":true},"tablet":{"top":"35px","bottom":"35px","left":"35px","right":"35px","linked":true},"mobile":{"top":"20px","bottom":"20px","left":"20px","right":"20px","linked":true}},"86707fa3dfe090605441fb9d844e9df5":"","disable_featured_image":"no","disable_share_box":"no","disable_header":"no","disable_footer":"no"},"featured_image_urls":{"full":"","thumbnail":"","medium":"","medium_large":"","large":"","1536x1536":"","2048x2048":""},"post_excerpt_stackable":"<p>Claudia de la Paz Directora Buscamos compartir conocimientos y experiencias que promuevan la conexi\u00f3n personal, la educaci\u00f3n cultural, la participaci\u00f3n ciudadana y el cuidado del medioambiente por medio de pr\u00e1cticas sustentables y art\u00edsticas. \u201cEntender la importancia del arte en los procesos de aprendizaje ha sido fundamental para este proyecto, ya que no solo buscamos que la comunidad adquiera una habilidad o conocimiento, m\u00e1s bien, nuestro fin es que se lleven toda una experiencia cargada de reflexi\u00f3n, exploraci\u00f3n y creatividad\u201d Nuestro trabajo Trabajamos con personas naturales, organizaciones sociales, agrupaciones, empresas p\u00fablicas y privadas. Cultura Organizacional Creatividad Todos nuestros proyectos tienen el&hellip;<\/p>\n","category_list":"","author_info":{"name":"admin","url":"https:\/\/alzaideas.cl\/?author=1"},"comments_num":"0 comentarios","jetpack_sharing_enabled":true,"_links":{"self":[{"href":"https:\/\/alzaideas.cl\/index.php?rest_route=\/wp\/v2\/pages\/6","targetHints":{"allow":["GET"]}}],"collection":[{"href":"https:\/\/alzaideas.cl\/index.php?rest_route=\/wp\/v2\/pages"}],"about":[{"href":"https:\/\/alzaideas.cl\/index.php?rest_route=\/wp\/v2\/types\/page"}],"author":[{"embeddable":true,"href":"https:\/\/alzaideas.cl\/index.php?rest_route=\/wp\/v2\/users\/1"}],"replies":[{"embeddable":true,"href":"https:\/\/alzaideas.cl\/index.php?rest_route=%2Fwp%2Fv2%2Fcomments&post=6"}],"version-history":[{"count":29,"href":"https:\/\/alzaideas.cl\/index.php?rest_route=\/wp\/v2\/pages\/6\/revisions"}],"predecessor-version":[{"id":826,"href":"https:\/\/alzaideas.cl\/index.php?rest_route=\/wp\/v2\/pages\/6\/revisions\/826"}],"wp:attachment":[{"href":"https:\/\/alzaideas.cl\/index.php?rest_route=%2Fwp%2Fv2%2Fmedia&parent=6"}],"curies":[{"name":"wp","href":"https:\/\/api.w.org\/{rel}","templated":true}]}}